 and d?
4
Let j = 5295 - 5281. Let q(b) = b**3 + 6*b**2 - b - 2. Let l be q(-6). Let c be 6*(l/(-6) - -1). What is the greatest common divisor of c and j?
2
Let c(l) = 3*l**2 - 3*l - 4. Let v be c(2). Let d be 5/v*(3 + (-18)/10). Let g be (-1 - -9) + (1 - 0). What is the greatest common factor of g and d?
3
Suppose 3*s = 4*u - 144, -5*u - s + 136 = -44. What is the highest common factor of 120 and u?
12
Let m = 2 - 0. Suppose -w = m*s - 30, 0 = -5*s - 3*w + 115 - 39. Suppose 22*v = -113 + 575. What is the greatest common factor of v and s?
7
Let b be (-165)/9*54/(-60)*6. What is the highest common divisor of 429 and b?
33
Let d(r) = 3*r**2 - r + 36. Let x be d(8). What is the highest common divisor of x and 20?
20
Let p be (2 - 0)*567/(-6). Let h be (-8)/(-52) - p/39. Let x be 0 - -1 - (-5 - -1). What is the greatest common factor of h and x?
5
Let l = 133 - 35. Let z(m) = 2*m**3 + 4*m**2 - 11*m - 1. Let r be z(4). Calculate the greatest common factor of r and l.
49
Let g = -3051 - -5507. What is the greatest common factor of g and 8?
8
Suppose 5*d = 46 + 14. Let i be d/(((-5)/(-35))/1). Suppose -3*j + 2*o - 11 = -80, o + 87 = 4*j. Calculate the highest common divisor of j and i.
21
Suppose 48 = 2*w - 2*v, 5*w - 6*v - 152 = -9*v. Calculate the greatest common factor of w and 16.
4
Let i = -533 - -554. What is the highest common divisor of i and 357?
21
Let d be (15/(-4))/(3/(-8)). Suppose -3*h = 3*h - 60. Let k be -3 - 155/h*-6. Calculate the highest common divisor of k and d.
10
Suppose 6 = 2*v + 2. Let f(z) = 18*z + 306. Let g be f(-16). Calculate the highest common divisor of v and g.
2
Let v = -8 - 18. Let i be ((-39)/v)/(2/20). What is the greatest common factor of i and 3?
3
Suppose n = -2*g + 6, -3*g = -0*g - 3. Suppose 2*j = -5*u + 55, n*j - 3*u - 96 = 53. Calculate the highest common divisor of j and 35.
35
Suppose -15*f + 2790 = 16*f. Calculate the highest common factor of 180 and f.
90
Let m = 6959 - 6945. Let u = -174 + 454. What is the highest common divisor of m and u?
14
Suppose -131*q = -43*q - 4136. What is the highest common divisor of 1269 and q?
47
Let a = -123 - -253. Suppose u - 418 = -a. Suppose -4*y + 2*y - l + 116 = 0, 5*y + 3*l = u. Calculate the greatest common divisor of 24 and y.
12
Let s(n) = n**2 + 5*n + 21. Let m be s(-6). What is the highest common divisor of m and 117?
9
Let j(b) = 2*b**2 + 1. Let x be j(1). Let p be 27 + 0 + (0 - -3)*-1. What is the greatest common factor of x and p?
3
Suppose -3*m - 2*m = -225. Let c(z) = 7*z + 205. Let v be c(-25). Calculate the greatest common factor of v and m.
15
Let a = 46 + -6. Suppose 990*m = 984*m + 30. What is the highest common factor of m and a?
5
Let p(q) = q**3 - 4*q**2 - 9*q + 9. Let k be p(6). Let c = k - 15. What is the greatest common divisor of c and 60?
12
Let x(w) = w**3 + 3*w**2 - 5*w + 2. Let d be x(-4). Suppose 819 = 3*l + 159. Suppose -5*r - l = -d*r. What is the greatest common divisor of r and 20?
20
Let r(p) = 4*p**3 - 2*p**2 + 2*p - 2. Let w be r(2). Let a = -36654 - -36745. What is the greatest common divisor of w and a?
13
Suppose l + 5*i = 250, 4*i + 46 - 296 = -l. What is the highest common divisor of l and 5?
5
Let d be -3 + 15/(-2 + 3). Let r = d - 11. Suppose 0 = -i - 0 + 9. What is the greatest common factor of i and r?
1
Let d(u) = -u**2 - 13*u - 9. Let w be d(-12). Suppose -2*p = 3 + w. Let f be 52/p*(-12)/4. What is the greatest common factor of 26 and f?
26
Suppose 4 = 2*y, -c - 120 = -5*c - 4*y. Let d(h) = -h**3 + 25*h**2 - 5*h + 167. Let f be d(25). Calculate the highest common divisor of c and f.
14
Suppose -3*k + 2*s = -s + 6, 0 = 4*k + 2*s - 22. Let r be k*4/12 + -1. Suppose 9*a - 4*a - 100 = r. Calculate the greatest common factor of a and 60.
20
Let q = -341 + 406. Let y(n) = -n**2 - 7*n + 7. Let o be y(-6). Calculate the greatest common divisor of q and o.
13
Suppose 4*f + d = 596, 0*f + 4*f = 2*d + 584. Calculate the highest common divisor of 4 and f.
4
Let f be ((-60)/(-18))/((-4)/(-6)). Let d = 2 - f. Let b be (3/(-4))/(d/48). What is the highest common factor of 96 and b?
12
Let q(w) = 7*w**2 + 5*w + 4. Let a be q(-5). Let k(s) = s**2 + 12*s + 34. Let l be k(-10). Calculate the greatest common factor of a and l.
14
Suppose -4 = -k - k. Let w(c) = 0 + 0*c - 2*c + k + c**2. Let m be w(4). What is the highest common factor of m and 40?
10
Let d be ((-806)/(-39))/((-4)/(-78)). Calculate the greatest common factor of 39 and d.
13
Let g = -1413 + 3087. Calculate the greatest common divisor of 108 and g.
54
Suppose 4*b - 1212 = -8. Let d = -191 + b. Suppose 3*f = -2*f + d. Calculate the greatest common divisor of 110 and f.
22
Suppose 0 = -5*z - 5 + 10, -5*c + 15 = 5*z. What is the greatest common factor of c and 2?
2
Let f(x) = 2*x**3 + 36*x**2 - 4*x - 24. Let s be f(-18). What is the greatest common factor of s and 64?
16
Let k(o) = -4 + 3*o + 6 + 6*o. Let i be k(7). Calculate the greatest common divisor of i and 13.
13
Let r(q) = -3*q + 5. Let l(z) = 10*z - 16. Let w(x) = -2*l(x) - 7*r(x). Let p be w(15). What is the highest common divisor of p and 4?
4
Let u be (-18)/((20/5)/4). Let j be (-4)/u + 204/54. Suppose -5*z + 11 = -j. Calculate the highest common factor of 3 and z.
3
Suppose 149 = 3*c - 214. What is the highest common factor of c and 11?
11
Let b(x) = x**2 + 2*x + 2. Let o be b(-3). Let i(r) = 2*r - 85 + 3*r + 15. Let w be i(17). Calculate the highest common divisor of o and w.
5
Suppose 1 = 5*k - 9. Let o(x) = 0 + 2 - x**2 - 5*x - 1 + k. Let p be o(-5). What is the highest common factor of 15 and p?
3
Let s be (-23)/3*(-91 - -88). Calculate the greatest common divisor of 276 and s.
23
Let r(y) = 18*y + 15. Let f be r(2). Let q = -242 - -650. Calculate the highest common factor of q and f.
51
Let p = 36 + 8. Calculate the highest common factor of p and 121.
11
Suppose -9*y + 324 - 36 = 0. What is the greatest common factor of 80 and y?
16
Let a = -10 + 18. Suppose -f + 24 = 2*f. Let t(z) = -z**2 + 8*z + 8. Let y be t(f). What is the highest common factor of y and a?
8
Suppose -11*x + 193 = 13*x - 263. Suppose 3*o = k - 127 - 28, 3*k - 451 = -5*o. What is the greatest common divisor of x and k?
19
Suppose -s + 41 = 2*t + 8, -3*t + 2*s + 46 = 0. Let n = t + -13. Suppose 0 = -n*y + 41 + 13. What is the greatest common factor of y and 27?
9
Let c(u) = u**3 - 7*u**2 + 3*u - 3. Suppose -4*l + 2 = -26. Let o be c(l). Let m(g) = -19*g - 5. Let x be m(-5). What is the greatest common divisor of o and x?
18
Let o(q) = q**3 + 11*q**2 + 6*q - 4. Let u be o(-10). What is the greatest common divisor of 24 and u?
12
Suppose -b = 3*o - 11, -9 = -5*b - o + 32. Let t be (390/(-104))/((-3)/b). Calculate the greatest common divisor of t and 50.
10
Suppose 3*d - 6 = -4*r + 31, d - 19 = 2*r. Let z = 200 + -25. Suppose 5*x = -z + 775. Calculate the highest common factor of d and x.
15
Suppose 2*g + 5*g - 567 = 0. What is the highest common divisor of 27 and g?
27
Let p be 11/((-66)/(-90)) - -1. Calculate the highest common divisor of 96 and p.
16
Suppose 5*m = -0*m + 4350. Let h be m/36 + 1/(-6). Let k(a) = 16*a**2 + 3*a + 2. Let w be k(-2). What is the highest common divisor of h and w?
12
Suppose 0 = -5*c - 5*q + 175, 4*c - 2 - 110 = 3*q. Let t = -48 - -110. Calculate the highest common divisor of c and t.
31
Let o(w) = 35*w**2 - 18*w + 39. Let y be o(2). What is the greatest common factor of y and 22?
11
Let k(t) = 2*t**2 - 22*t - 4. Let g be k(-11). Let c be 4/(-10)*g/(-8). Calculate the highest common divisor of c and 84.
12
Suppose 3*g + 2*g = 0. Suppose 3*a = 3*l - l - 8, g = -3*a + 3*l - 3. Let i = -3 - a. What is the highest common divisor of 15 and i?
3
Let j = 25 - 30. Let c be (-2)/j - (-6)/10. Let f(a) = a**3 + 5*a**2 + a - 3. Let d be f(-4). What is the highest common divisor of d and c?
1
Let w(c) = 244*c**2 - c. Let f be w(-1). Calculate the highest common divisor of f and 98.
49
Let t = -1357 - -1386. Suppose 0*l - 4*l = 5*n - 298, -3*l = -4*n + 226. What is the greatest common divisor of t and n?
29
Let o(l) = l**2 + 27*l + 83. Let i be o(-26). What is the highest common factor of i and 38?
19
Suppose -6*z = -2*z. Let k(w) = -w + 87. Let p be k(z). Calculate the highest common divisor of 58 and p.
29
Let u = 201 - 81